Dec 01 03:04:41.773 INFO testing seb-odessa/evebattle against master#8940af3cea4a9a9deabcaf843b2f8cad9a83fc61 for beta-1.31-5
Dec 01 03:04:41.774 INFO running `"docker" "create" "-v" "/mnt/big/crater/work/local/target-dirs/beta-1.31-5/worker-4/master#8940af3cea4a9a9deabcaf843b2f8cad9a83fc61:/target:rw,Z" "-v" "/mnt/big/crater/work/local/test-source/worker-4/beta-1.31-5/master#8940af3cea4a9a9deabcaf843b2f8cad9a83fc61:/source:ro,Z" "-v" "/mnt/big/crater/work/local/cargo-home:/cargo-home:ro,Z" "-v" "/mnt/big/crater/work/local/rustup-home:/rustup-home:ro,Z" "-e" "USER_ID=1000" "-e" "SOURCE_DIR=/source" "-e" "USER_ID=1000" "-e" "CMD=cargo +8940af3cea4a9a9deabcaf843b2f8cad9a83fc61-alt build --frozen" "-e" "CARGO_TARGET_DIR=/target" "-e" "CARGO_INCREMENTAL=0" "-e" "RUST_BACKTRACE=full" "-e" "RUSTFLAGS=--cap-lints=warn" "-e" "CARGO_HOME=/cargo-home" "-e" "RUSTUP_HOME=/rustup-home" "-m" "1536M" "--network" "none" "crater"`
Dec 01 03:04:42.369 INFO [stdout] 11d6f213c9896570927050c09928e6860d5420257cd519249e72c42afc25b7ae
Dec 01 03:04:42.370 INFO running `"docker" "start" "-a" "11d6f213c9896570927050c09928e6860d5420257cd519249e72c42afc25b7ae"`
Dec 01 03:04:43.299 INFO [stderr] usermod: no changes
Dec 01 03:04:43.383 INFO [stderr]    Compiling syn v0.15.9
Dec 01 03:04:51.267 INFO [stderr]    Compiling serde_derive v1.0.79
Dec 01 03:05:03.509 INFO [stderr]    Compiling evebattle v0.1.0 (/source)
Dec 01 03:05:06.799 INFO [stderr]     Finished dev [unoptimized + debuginfo] target(s) in 23.47s
Dec 01 03:05:06.811 INFO [stderr] su: No module specific data is present
Dec 01 03:05:07.443 INFO running `"docker" "inspect" "11d6f213c9896570927050c09928e6860d5420257cd519249e72c42afc25b7ae"`
Dec 01 03:05:07.703 INFO running `"docker" "rm" "-f" "11d6f213c9896570927050c09928e6860d5420257cd519249e72c42afc25b7ae"`
Dec 01 03:05:07.839 INFO [stdout] 11d6f213c9896570927050c09928e6860d5420257cd519249e72c42afc25b7ae
Dec 01 03:05:07.840 INFO running `"docker" "create" "-v" "/mnt/big/crater/work/local/target-dirs/beta-1.31-5/worker-4/master#8940af3cea4a9a9deabcaf843b2f8cad9a83fc61:/target:rw,Z" "-v" "/mnt/big/crater/work/local/test-source/worker-4/beta-1.31-5/master#8940af3cea4a9a9deabcaf843b2f8cad9a83fc61:/source:ro,Z" "-v" "/mnt/big/crater/work/local/cargo-home:/cargo-home:ro,Z" "-v" "/mnt/big/crater/work/local/rustup-home:/rustup-home:ro,Z" "-e" "USER_ID=1000" "-e" "SOURCE_DIR=/source" "-e" "USER_ID=1000" "-e" "CMD=cargo +8940af3cea4a9a9deabcaf843b2f8cad9a83fc61-alt test --frozen --no-run" "-e" "CARGO_TARGET_DIR=/target" "-e" "CARGO_INCREMENTAL=0" "-e" "RUST_BACKTRACE=full" "-e" "RUSTFLAGS=--cap-lints=warn" "-e" "CARGO_HOME=/cargo-home" "-e" "RUSTUP_HOME=/rustup-home" "-m" "1536M" "--network" "none" "crater"`
Dec 01 03:05:08.180 INFO [stdout] 44cab656fa0a2bcb5f9fdb681be09bfd47dbdfdf58c472ea5676f18a1a80532f
Dec 01 03:05:08.184 INFO running `"docker" "start" "-a" "44cab656fa0a2bcb5f9fdb681be09bfd47dbdfdf58c472ea5676f18a1a80532f"`
Dec 01 03:05:09.011 INFO [stderr] usermod: no changes
Dec 01 03:05:09.062 INFO [stderr]    Compiling evebattle v0.1.0 (/source)
Dec 01 03:05:13.259 INFO [stderr]     Finished dev [unoptimized + debuginfo] target(s) in 4.23s
Dec 01 03:05:13.263 INFO [stderr] su: No module specific data is present
Dec 01 03:05:13.805 INFO running `"docker" "inspect" "44cab656fa0a2bcb5f9fdb681be09bfd47dbdfdf58c472ea5676f18a1a80532f"`
Dec 01 03:05:14.221 INFO running `"docker" "rm" "-f" "44cab656fa0a2bcb5f9fdb681be09bfd47dbdfdf58c472ea5676f18a1a80532f"`
Dec 01 03:05:14.458 INFO [stdout] 44cab656fa0a2bcb5f9fdb681be09bfd47dbdfdf58c472ea5676f18a1a80532f
Dec 01 03:05:14.461 INFO running `"docker" "create" "-v" "/mnt/big/crater/work/local/target-dirs/beta-1.31-5/worker-4/master#8940af3cea4a9a9deabcaf843b2f8cad9a83fc61:/target:rw,Z" "-v" "/mnt/big/crater/work/local/test-source/worker-4/beta-1.31-5/master#8940af3cea4a9a9deabcaf843b2f8cad9a83fc61:/source:ro,Z" "-v" "/mnt/big/crater/work/local/cargo-home:/cargo-home:ro,Z" "-v" "/mnt/big/crater/work/local/rustup-home:/rustup-home:ro,Z" "-e" "USER_ID=1000" "-e" "SOURCE_DIR=/source" "-e" "USER_ID=1000" "-e" "CMD=cargo +8940af3cea4a9a9deabcaf843b2f8cad9a83fc61-alt test --frozen" "-e" "CARGO_TARGET_DIR=/target" "-e" "CARGO_INCREMENTAL=0" "-e" "RUST_BACKTRACE=full" "-e" "RUSTFLAGS=--cap-lints=warn" "-e" "CARGO_HOME=/cargo-home" "-e" "RUSTUP_HOME=/rustup-home" "-m" "1536M" "--network" "none" "crater"`
Dec 01 03:05:14.944 INFO [stdout] e1c004967eb912a1249ae367116aff65696da6eee75d20d6b8d6972676b708a7
Dec 01 03:05:14.946 INFO running `"docker" "start" "-a" "e1c004967eb912a1249ae367116aff65696da6eee75d20d6b8d6972676b708a7"`
Dec 01 03:05:16.215 INFO [stderr] usermod: no changes
Dec 01 03:05:16.323 INFO [stderr]     Finished dev [unoptimized + debuginfo] target(s) in 0.05s
Dec 01 03:05:16.323 INFO [stdout] 
Dec 01 03:05:16.324 INFO [stderr]      Running /target/debug/deps/lib-4460c0326abe578a
Dec 01 03:05:16.324 INFO [stdout] running 14 tests
Dec 01 03:05:16.331 INFO [stdout] test offenses::deserialize_without_webifier ... ok
Dec 01 03:05:16.331 INFO [stdout] test offenses::deserialize_without_turrets ... ok
Dec 01 03:05:16.331 INFO [stdout] test offenses::deserialize_without_scrambler ... ok
Dec 01 03:05:16.332 INFO [stdout] test offenses::deserialize ... ok
Dec 01 03:05:16.332 INFO [stdout] test shield::deserialize ... ok
Dec 01 03:05:16.332 INFO [stdout] test stasis_webifier::deserialize ... ok
Dec 01 03:05:16.332 INFO [stdout] test structure::deserialize ... ok
Dec 01 03:05:16.332 INFO [stdout] test armor::deserialize ... ok
Dec 01 03:05:16.335 INFO [stdout] test missiles::deserialize ... ok
Dec 01 03:05:16.335 INFO [stdout] test movement::deserialize ... ok
Dec 01 03:05:16.336 INFO [stdout] test turrets::deserialize ... ok
Dec 01 03:05:16.336 INFO [stdout] test warp_scrambler::deserialize ... ok
Dec 01 03:05:16.336 INFO [stdout] test targeting::deserialize ... ok
Dec 01 03:05:16.412 INFO [stdout] test defenses::deserialize ... FAILED
Dec 01 03:05:16.413 INFO [stdout] 
Dec 01 03:05:16.413 INFO [stdout] failures:
Dec 01 03:05:16.413 INFO [stdout] 
Dec 01 03:05:16.413 INFO [stdout] ---- defenses::deserialize stdout ----
Dec 01 03:05:16.414 INFO [stdout] thread 'defenses::deserialize' panicked at 'assertion failed: result.is_ok()', src/lib/defenses.rs:49:5
Dec 01 03:05:16.414 INFO [stdout] stack backtrace:
Dec 01 03:05:16.414 INFO [stdout]    0:     0x56551fcdce7f - std::sys::unix::backtrace::tracing::imp::unwind_backtrace::h3a8b83e1922cbdde
Dec 01 03:05:16.414 INFO [stdout]                                at libstd/sys/unix/backtrace/tracing/gcc_s.rs:49
Dec 01 03:05:16.414 INFO [stdout]    1:     0x56551fce5ec7 - std::sys_common::backtrace::print::h00d3155a29b4020f
Dec 01 03:05:16.415 INFO [stdout]                                at libstd/sys_common/backtrace.rs:71
Dec 01 03:05:16.415 INFO [stdout]                                at libstd/sys_common/backtrace.rs:59
Dec 01 03:05:16.415 INFO [stdout]    2:     0x56551fce0baf - std::panicking::default_hook::{{closure}}::hd7465c742e79e1bb
Dec 01 03:05:16.416 INFO [stdout]                                at libstd/panicking.rs:211
Dec 01 03:05:16.416 INFO [stdout]    3:     0x56551fce08ae - std::panicking::default_hook::h9e3966f2aa2a6e12
Dec 01 03:05:16.416 INFO [stdout]                                at libstd/panicking.rs:221
Dec 01 03:05:16.417 INFO [stdout]    4:     0x56551fce128e - std::panicking::rust_panic_with_hook::h587f091ae747d080
Dec 01 03:05:16.417 INFO [stdout]                                at libstd/panicking.rs:476
Dec 01 03:05:16.417 INFO [stdout]    5:     0x56551fccead7 - std::panicking::begin_panic::hf8d27e2fa4ca0b52
Dec 01 03:05:16.418 INFO [stdout]                                at libstd/panicking.rs:410
Dec 01 03:05:16.418 INFO [stdout]    6:     0x56551fc64221 - lib::defenses::deserialize::he708a004354e385f
Dec 01 03:05:16.418 INFO [stdout]                                at src/lib/defenses.rs:49
Dec 01 03:05:16.418 INFO [stdout]    7:     0x56551fc64189 - lib::defenses::deserialize::{{closure}}::h9e32db0927c63fcb
Dec 01 03:05:16.419 INFO [stdout]                                at src/lib/defenses.rs:22
Dec 01 03:05:16.421 INFO [stdout]    8:     0x56551fc774fd - core::ops::function::FnOnce::call_once::h957666c30ac95ce6
Dec 01 03:05:16.421 INFO [stdout]                                at libcore/ops/function.rs:238
Dec 01 03:05:16.421 INFO [stdout]    9:     0x56551fc7ebde - <F as alloc::boxed::FnBox<A>>::call_box::hac903f91577a156c
Dec 01 03:05:16.422 INFO [stdout]                                at libtest/lib.rs:1468
Dec 01 03:05:16.422 INFO [stdout]                                at libcore/ops/function.rs:238
Dec 01 03:05:16.422 INFO [stdout]                                at liballoc/boxed.rs:672
Dec 01 03:05:16.422 INFO [stdout]   10:     0x56551fcf0e79 - __rust_maybe_catch_panic
Dec 01 03:05:16.423 INFO [stdout]                                at libpanic_unwind/lib.rs:102
Dec 01 03:05:16.423 INFO [stdout]   11:     0x56551fca0832 - std::sys_common::backtrace::__rust_begin_short_backtrace::hb8f0d0309526c184
Dec 01 03:05:16.423 INFO [stdout]                                at libstd/panicking.rs:289
Dec 01 03:05:16.424 INFO [stdout]                                at libstd/panic.rs:392
Dec 01 03:05:16.424 INFO [stdout]                                at libtest/lib.rs:1423
Dec 01 03:05:16.424 INFO [stdout]                                at libstd/sys_common/backtrace.rs:136
Dec 01 03:05:16.424 INFO [stdout]   12:     0x56551fca12e4 - std::panicking::try::do_call::hc2f7c8b9a348d8db
Dec 01 03:05:16.425 INFO [stdout]                                at libstd/thread/mod.rs:409
Dec 01 03:05:16.425 INFO [stdout]                                at libstd/panic.rs:313
Dec 01 03:05:16.425 INFO [stdout]                                at libstd/panicking.rs:310
Dec 01 03:05:16.426 INFO [stdout]   13:     0x56551fcf0e79 - __rust_maybe_catch_panic
Dec 01 03:05:16.426 INFO [stdout]                                at libpanic_unwind/lib.rs:102
Dec 01 03:05:16.426 INFO [stdout]   14:     0x56551fc8e51c - <F as alloc::boxed::FnBox<A>>::call_box::h6bfded618e480b32
Dec 01 03:05:16.427 INFO [stdout]                                at libstd/panicking.rs:289
Dec 01 03:05:16.431 INFO [stdout]                                at libstd/panic.rs:392
Dec 01 03:05:16.431 INFO [stdout]                                at libstd/thread/mod.rs:408
Dec 01 03:05:16.431 INFO [stdout]                                at liballoc/boxed.rs:672
Dec 01 03:05:16.432 INFO [stdout]   15:     0x56551fcdea9d - std::sys_common::thread::start_thread::h4c28257d67cdf9cb
Dec 01 03:05:16.432 INFO [stdout]                                at liballoc/boxed.rs:682
Dec 01 03:05:16.432 INFO [stdout]                                at libstd/sys_common/thread.rs:24
Dec 01 03:05:16.432 INFO [stdout]   16:     0x56551fcd3fb5 - std::sys::unix::thread::Thread::new::thread_start::hfecb2e7eff8fd34f
Dec 01 03:05:16.433 INFO [stdout]                                at libstd/sys/unix/thread.rs:90
Dec 01 03:05:16.433 INFO [stdout]   17:     0x7fa60ea7d6b9 - start_thread
Dec 01 03:05:16.433 INFO [stdout]   18:     0x7fa60e59d41c - clone
Dec 01 03:05:16.434 INFO [stdout]   19:                0x0 - <unknown>
Dec 01 03:05:16.434 INFO [stdout] 
Dec 01 03:05:16.434 INFO [stdout] 
Dec 01 03:05:16.434 INFO [stdout] failures:
Dec 01 03:05:16.435 INFO [stdout]     defenses::deserialize
Dec 01 03:05:16.435 INFO [stdout] 
Dec 01 03:05:16.435 INFO [stdout] test result: FAILED. 13 passed; 1 failed; 0 ignored; 0 measured; 0 filtered out
Dec 01 03:05:16.435 INFO [stdout] 
Dec 01 03:05:16.436 INFO [stderr] error: test failed, to rerun pass '--lib'
Dec 01 03:05:16.436 INFO [stderr] su: No module specific data is present
Dec 01 03:05:17.255 INFO running `"docker" "inspect" "e1c004967eb912a1249ae367116aff65696da6eee75d20d6b8d6972676b708a7"`
Dec 01 03:05:17.541 INFO running `"docker" "rm" "-f" "e1c004967eb912a1249ae367116aff65696da6eee75d20d6b8d6972676b708a7"`
Dec 01 03:05:17.867 INFO [stdout] e1c004967eb912a1249ae367116aff65696da6eee75d20d6b8d6972676b708a7
